/80). Suppose -2*r - 4*l + n = 0, -4*l - l - 15 = 0. Is r composite?
True
Let g = 1772 - 151. Is g a prime number?
True
Suppose 432 = -c + h, -2*c - h - 858 - 6 = 0. Let g = c - -1111. Is g composite?
True
Let p(x) = -3 - 4*x - 2*x + 7*x + 2*x. Let z be p(2). Suppose -608 - 71 = -l + 3*a, 5*l + z*a = 3395. Is l composite?
True
Let i(f) = 271*f**2 - 20*f - 54. Is i(-11) a prime number?
True
Let t(s) = 3*s**3 - 26*s**2 + 113*s - 55. Is t(29) a composite number?
True
Suppose 4*u = -8, 5*u = -c - 2633 + 135. Let o = c + 4473. Is o a composite number?
True
Let j(v) = -9*v**2 + 0*v**3 + 9*v + 6*v**3 - 8*v**3 + 3. Let o be j(-8). Suppose 3*f - 2*f - o = 0. Is f composite?
False
Is 2/6*-1 - (-31312)/12 prime?
True
Suppose -w - 2*f = -198 - 167, 375 = w + 4*f. Is w composite?
True
Let n(f) = -f + 8. Let a be n(4). Suppose 0 = a*v - 11 + 3, 0 = -5*p - 3*v + 251. Is p a composite number?
True
Let w(c) = -72*c**3 + 4*c**2 + 7*c + 23. Is w(-8) a composite number?
False
Let w(y) = 10*y**2 - 83*y + 23. Is w(-26) a composite number?
False
Let l(g) = -51*g**3 - 4*g - 6. Let c be l(-3). Suppose -4*i + 2965 = -c. Is i composite?
False
Suppose 6 = -5*m + 16. Let p be (-16)/32 + 1/m. Suppose 3*q - 5*x = 2263, -761 = -q - p*q + 5*x. Is q a prime number?
True
Suppose 211*w - 213*w - 4*d = -150042, w - 75006 = d. Is w a prime number?
True
Suppose -30703 = -3*w + 8378. Is w prime?
False
Let b(i) = -2*i**3 - 66*i**2 + 284*i + 17. Is b(-38) prime?
False
Suppose 13957 - 197 = 4*r. Let j = -2437 + r. Is j prime?
False
Let o be (-4)/18 - (-518)/63. Let d be (-396)/(-54)*(-1 - o). Let w = d - -197. Is w a composite number?
False
Suppose -4*j + 16263 + 1957 = 0. Is j a prime number?
False
Let q(f) = 33*f**3 - 12*f**2 + f - 145. Is q(12) a composite number?
False
Let u be (3 + -1)/((-14)/(-35)). Suppose 2776 = u*s + 141. Is s a prime number?
False
Let m be 43*(-2 + 9/3). Suppose k + 582 = 2*k. Suppose 3*h - 2*i - m - k = 0, 2*h = -4*i + 438. Is h composite?
False
Let w(u) = 29*u**3 - 12*u**2 + 138*u + 11. Is w(18) composite?
True
Suppose -2*h + j + 7 = -11, -2 = j. Let p = -6 + h. Suppose -3*c + 3*z = -p*c - 70, 4*c + 4*z = 264. Is c prime?
True
Let i be 3079/(-4) + (-3)/4*-1. Is (-11 - -7)*i/4 a composite number?
False
Let w(p) = 26*p + 697. Is w(0) composite?
True
Let z = 3517 + -2048. Is z a prime number?
False
Let s = 106 + -107. Is (-4)/s*(-1956)/(-48) a prime number?
True
Let r(f) = f - 9 + 0*f + 0 - 2*f. Let z be r(-6). Is ((-89)/z)/(2/6) prime?
True
Suppose -s - 3*d + 206 + 1400 = 0, -3*d = -5*s + 7958. Is s composite?
True
Let p(i) = 751*i**2 + 6*i + 6. Suppose 5 + 5 = -10*z. Is p(z) a composite number?
False
Suppose m + 4*m - 15 = 0. Suppose 0 = -l + m*l - 6. Suppose l*g + g + 2688 = 4*h, 0 = -2*h - 2*g + 1364. Is h composite?
False
Suppose -p = 4*p - 10, 0 = -z - 4*p. Let f(j) be the third derivative of -13*j**4/12 + j**3/2 - j**2 - 53. Is f(z) a prime number?
True
Let q(z) = z**2 - 4*z + 7. Let x be q(5). Suppose 8*j + 2564 = x*j. Is j a composite number?
False
Suppose -60 = -8*q + 4*q. Suppose 12*p = q*p - 1887. Is p a composite number?
True
Let r(c) = 6*c**3 + c**2 + 5*c - 1. Let o(u) = u + 3. Let m be o(1). Is r(m) prime?
True
Let x(h) = -h + 154*h + 2 + 35*h. Let k be x(6). Suppose 3*o + 2*o = k. Is o prime?
False
Let a be 6314/(-18) + (-6)/27. Let o be -2 - -6 - 576/3. Let t = o - a. Is t a prime number?
True
Let t = 9411 + -6022. Is t prime?
True
Suppose 0 = -840*v + 841*v - 3623. Is v a prime number?
True
Suppose x - 4*o + 7 = 0, 2*x + 0*o - 1 = 3*o. Suppose 4 = c + 5*q + 19, x = 5*c + 5*q. Suppose 4*t + 5*h = h + 288, -10 = c*h. Is t prime?
False
Let m = 109 - -327. Suppose 17*w - 19*w = -m. Is w a composite number?
True
Suppose -2*w = -5*w. Is 0 + w + 4 + 129 a composite number?
True
Let y(p) = -528*p**3 - 1. Let h be y(-1). Let f(t) = -t**3 + 13*t**2 + 11*t - 13. Let b be f(13). Let g = h - b. Is g a prime number?
True
Let f be (-2 - 0) + 1 - 13720/(-35). Suppose 46 - f = -3*k. Is k composite?
True
Is ((-10)/(-30))/(3/139743) a composite number?
False
Let h(q) = 5*q**3 + q**2 - q + 5. Let u be h(4). Let r = 5 + 23. Suppose u = d + 4*f + r, -f + 5 = 0. Is d a prime number?
False
Suppose 0 = 4*l + l. Let g be (-8)/(-2) - l - -10516. Is (-1)/(-3) + g/12 prime?
True
Is (514/2)/((6/(-22))/(-3)) a prime number?
False
Let x = 3 - -1354. Is x a composite number?
True
Suppose 19*b - 17*b - 110 = 0. Suppose -x + b + 94 = 0. Is x a prime number?
True
Let w = 448 - -598. Suppose -485 = -o - 2*q, -76 = 2*o - q - w. Is o a composite number?
True
Let p be (-1 - (2 - 4)) + -36. Is (15/p + (-1510)/(-28))*14 composite?
True
Let v(x) be the second derivative of 0 + 0*x**3 + 2/3*x**4 + 5*x - 1/2*x**2. Is v(-2) prime?
True
Let i(j) = 70*j**2 - 15*j - 66. Is i(-13) composite?
False
Let c(l) = 32*l**2 - 3*l. Let w be c(5). Suppose 0*f - w = -5*f. Is f prime?
True
Is (4166*-1)/(92 + -93) a composite number?
True
Let r be 8/16 - (-3)/2. Suppose 0 = -r*p + 4, -4*u - 3*p = u - 1471. Is u a composite number?
False
Suppose 1 = m, 3*c - 287 - 2577 = m. Is c a composite number?
True
Let f be (9 - 3)/3 - -1. Let b(r) = r**2 + 5*r - 8. Let a be b(-7). Suppose 2*z = -2*p + 944, 4*z - a*z - f*p = -947. Is z a composite number?
True
Suppose -8*j = -0*j + 1168. Let h = j - -400. Is h prime?
False
Let t(m) = m**3 + 11*m**2 + m + 15. Let z be 2/3 + 70/(-6). Let q be t(z). Suppose 4*n + f = 3*f + 1174, -q*n + 5*f + 1189 = 0. Is n a prime number?
False
Let q be -6*(0 + 886/(-12)). Suppose l - 4*l + q = w, -2*l + w = -302. Is l composite?
False
Suppose 2*u + 14 = 2*z, -3*z - 2*u + 3*u = -13. Suppose 6*m - z*m = -6, -2*s + 194 = -5*m. Let g = s - 15. Is g composite?
True
Let u be 336 + -1 - (2 + 0). Suppose h = -4*h - 150. Let m = u + h. Is m composite?
True
Let h = -907 - -203. Let k = -426 - h. Is k composite?
True
Let x(i) = 955*i - 196. Is x(5) composite?
True
Let p = 3 - -1. Suppose -v = p - 2. Let d(k) = 2*k**2 + 3*k + 1. Is d(v) composite?
False
Let i(x) = x**3 - 33*x**2 + 43*x - 45. Is i(32) a composite number?
False
Let i(x) = -x**3 - 4*x**2 - 18*x - 40. Is i(-7) composite?
False
Suppose 5*s + 7*l - 6*l - 12418 = 0, 3*s = 2*l + 7443. Is s a prime number?
False
Let m(l) = 7*l**2 - l. Let h be m(1). Suppose -2*c + h = 2. Is (-597)/(-5) + c/(-5) prime?
False
Let x(c) = c**2 - 5 - 2*c**3 - 4*c - 7*c + 13*c. Is x(-4) a prime number?
True
Suppose -9 - 27 = -3*z + 3*n, -3*z - 5*n = 4. Suppose 12 = -3*i + z*i. Suppose w = i*w - 106. Is w a composite number?
False
Suppose 2*t - 4*l = l + 6764, -l - 6756 = -2*t. Is t prime?
False
Let h(i) = 147*i**2 + 7*i - 9. Let q be h(3). Suppose 4*n - 14 = 3*g, -6 + 2 = -5*n - 3*g. Suppose o = z - 506, n*z = -3*o - 328 + q. Is z composite?
True
Let m be (0 + 0 - -3) + -30. Let s = 30 + m. Suppose -3 = -s*c, 0 = 3*w - 6*w + 3*c + 183. Is w a prime number?
False
Is 9811/(-4)*(-3 + (-3)/3) composite?
False
Let l = 49 - 71. Let n = -43 - l. Is 2/7 + (-3711)/n a prime number?
False
Let l = -10 - -23. Let h = 18 - l. Suppose 0 = -h*n + 620 - 65. Is n composite?
True
Is (-2)/6 + (-43712)/(-24) prime?
False
Suppose -32*t = -34*t + 18. Suppose -t*m = -15*m + 3846. Is m composite?
False
Let l = -15 + 10. Let w be ((-3)/8)/(l/40). Suppose -u = -3*u, 237 = w*n + u. Is n composite?
False
Let r(q) = -23 - 9*q - 9*q - 2*q**3 + 11*q - 12*q**2. Is r(-8) prime?
False
Suppose -23*j - 294 = -25*j. Suppose -3*w = -j - 27. Let o = w - 39. Is o a prime number?
True
Let i(d) = -d**3 - 23*d**2 + 2*d + 34. Let w(l) = -l. Let a(c) = i(c) + 2*w(c). Is a(-23) a composite number?
True
Suppose 0 = r + 5*p - 1693, 36*p - 37*p = 4*r - 6772. Is r composite?
False
Let i(b) = -69*b + 34. Is i(-12) a composite number?
True
Suppose -5*b = 15, 15*t - 15240 = 12*t + 3*b. Is t a prime number?
True
Let j be 7383 - (4/(-10))/((-2)/(-10)). Suppose j = t + 6*t. Is t prime?
False
Let k(n) = n**2 - 12*n + 11. Let y be k(11). Suppose y*i = i. Suppose i = 4*v + 265 - 753. Is v composite?
True
Suppose -c + 108 = -8*h + 3*h, -264 = -3*c + 3*h. Is c prime?
True
Let s be (1104/20)/(6/40). Suppose 2*h = 5*y + 1082 - s, 1052 = 3*h + 2*y. Let n = h - 189. Is n prime?
True
Suppose 295*i = 301*i - 21324. Is i a prime number?
False
Suppose t - s - 12184 = 0, 29630 + 6924 = 3*t - s. Is t prime?
False
Suppose 3*q -